
What is the remainder when 403258 is divided by 2605?
2088
Calculate the remainder when 7461535 is divided by 10465.
10455
What is the remainder when 8059148 is divided by 25?
23
What is the remainder when 418590 is divided by 104638?
38
Calculate the remainder when 311168 is divided by 2060.
108
Calculate the remainder when 1944177 is divided by 8380.
17
What is the remainder when 7453791 is divided by 3726886?
19
Calculate the remainder when 4431473 is divided by 85.
83
What is the remainder when 2474160 is divided by 58?
54
Calculate the remainder when 286958 is divided by 333.
245
What is the remainder when 605531 is divided by 201816?
83
Calculate the remainder when 7293 is divided by 7239.
54
Calculate the remainder when 8742309 is divided by 2335.
69
Calculate the remainder when 111997 is divided by 55554.
889
What is the remainder when 22774 is divided by 434?
206
Calculate the remainder when 3814917 is divided by 31.
26
What is the remainder when 3617166 is divided by 33?
3
Calculate the remainder when 157424693 is divided by 31.
28
Calculate the remainder when 1888225 is divided by 6315.
40
What is the remainder when 15948 is divided by 187?
53
What is the remainder when 149711757 is divided by 1320?
1317
Calculate the remainder when 71374 is divided by 4.
2
What is the remainder when 8298 is divided by 2929?
2440
What is the remainder when 21554 is divided by 7377?
6800
Calculate the remainder when 17855711 is divided by 117.
107
Calculate the remainder when 11678695 is divided by 5437.
19
What is the remainder when 77027 is divided by 4034?
381
What is the remainder when 299209 is divided by 74683?
477
What is the remainder when 44669 is divided by 2030?
9
What is the remainder when 800052 is divided by 1416?
12
What is the remainder when 2492158 is divided by 2640?
2638
What is the remainder when 1710516 is divided by 1145?
1031
Calculate the remainder when 21691076 is divided by 594.
572
What is the remainder when 2852897 is divided by 3294?
293
Calculate the remainder when 800217 is divided by 160033.
52
What is the remainder when 167476 is divided by 7299?
6898
What is the remainder when 48511506 is divided by 16170502?
0
What is the remainder when 181259 is divided by 8042?
4335
Calculate the remainder when 1168839 is divided by 3664.
23
Calculate the remainder when 15240653 is divided by 382.
381
Calculate the remainder when 20625636 is divided by 5425.
5211
Calculate the remainder when 19302233 is divided by 254.
11
What is the remainder when 102438 is divided by 2648?
1814
Calculate the remainder when 182752 is divided by 424.
8
What is the remainder when 59359 is divided by 29600?
159
Calculate the remainder when 6963572 is divided by 863.
25
What is the remainder when 74462222 is divided by 45?
2
Calculate the remainder when 525064 is divided by 7.
1
Calculate the remainder when 162783 is divided by 81380.
23
Calculate the remainder when 228973 is divided by 1036.
17
Calculate the remainder when 244630 is divided by 792.
694
Calculate the remainder when 420455 is divided by 715.
35
Calculate the remainder when 107043425 is divided by 5418.
5417
Calculate the remainder when 8900721 is divided by 69.
66
What is the remainder when 5460479 is divided by 506?
233
What is the remainder when 3954135 is divided by 2929?
2914
Calculate the remainder when 2071469 is divided by 16183.
45
Calculate the remainder when 40807797 is divided by 14.
9
Calculate the remainder when 20026 is divided by 4823.
734
What is the remainder when 24917559 is divided by 274?
273
What is the remainder when 4249706 is divided by 1416559?
29
Calculate the remainder when 203939534 is divided by 20393952.
14
What is the remainder when 112151 is divided by 3112?
119
Calculate the remainder when 29023 is divided by 258.
127
Calculate the remainder when 15799 is divided by 1195.
264
Calculate the remainder when 21725 is divided by 10724.
277
What is the remainder when 483624 is divided by 48344?
184
What is the remainder when 374659 is divided by 26761?
5
What is the remainder when 42148409 is divided by 82?
81
Calculate the remainder when 1291497 is divided by 215232.
105
What is the remainder when 959629 is divided by 13327?
85
What is the remainder when 11903177 is divided by 1487892?
41
Calculate the remainder when 35522 is divided by 4175.
2122
What is the remainder when 434967 is divided by 24068?
1743
What is the remainder when 87039 is divided by 3955?
29
Calculate the remainder when 3174489 is divided by 4876.
213
Calculate the remainder when 718456 is divided by 2789.
1683
What is the remainder when 265122 is divided by 131738?
1646
Calculate the remainder when 1260450505 is divided by 28.
13
What is the remainder when 43539 is divided by 10860?
99
Calculate the remainder when 16330954 is divided by 2337.
2335
Calculate the remainder when 9994657 is divided by 2841.
19
Calculate the remainder when 3423979 is divided by 21.
13
Calculate the remainder when 68568 is divided by 34248.
72
Calculate the remainder when 3102534 is divided by 15.
9
Calculate the remainder when 473966 is divided by 227.
217
What is the remainder when 579806 is divided by 193071?
593
Calculate the remainder when 291500 is divided by 97080.
260
Calculate the remainder when 184332 is divided by 253.
148
What is the remainder when 5766753 is divided by 34?
13
Calculate the remainder when 784217 is divided by 112026.
35
Calculate the remainder when 33547359 is divided by 8386838.
7
What is the remainder when 1387992 is divided by 10845?
10677
Calculate the remainder when 6117640 is divided by 1391.
22
What is the remainder when 245792167 is divided by 122896077?
13
What is the remainder when 1450375643 is divided by 4126?
4123
What is the remainder when 21900507 is divided by 936?
915
What is the remainder when 163443 is divided by 2406?
2241
Calculate the remainder when 16437590 is divided by 12.
2
What is the remainder when 1859301 is divided by 762?
21
What is the remainder when 69137 is divided by 646?
15
What is the remainder when 4909129 is divided by 334?
331
Calculate the remainder when 3821159126 is divided by 30.
26
What is the remainder when 2483578 is divided by 1693?
1640
What is the remainder when 812213 is divided by 812091?
122
What is the remainder when 3521806 is divided by 651?
547
Calculate the remainder when 90580155 is divided by 593.
591
Calculate the remainder when 84405983 is divided by 3666.
3665
What is the remainder when 529419 is divided by 529412?
7
Calculate the remainder when 41868370 is divided by 55899.
19
What is the remainder when 2879 is divided by 2604?
275
What is the remainder when 1595 is divided by 793?
9
Calculate the remainder when 7877579 is divided by 167608.
3
Calculate the remainder when 2333957 is divided by 38.
35
What is the remainder when 295706 is divided by 48?
26
Calculate the remainder when 55442192 is divided by 1962.
1958
Calculate the remainder when 7571760 is divided by 79.
5
Calculate the remainder when 3916784 is divided by 345.
344
Calculate the remainder when 2590410 is divided by 54.
30
What is the remainder when 1055586 is divided by 4380?
6
What is the remainder when 58360929 is divided by 969?
966
What is the remainder when 116721 is divided by 12725?
2196
Calculate the remainder when 33842938 is divided by 162.
4
Calculate the remainder when 45959028 is divided by 10.
8
What is the remainder when 114778 is divided by 12257?
4465
What is the remainder when 489814 is divided by 707?
570
Calculate the remainder when 2564581 is divided by 854851.
28
What is the remainder when 8047725 is divided by 1005965?
5
Calculate the remainder when 65343123 is divided by 7266.
7251
What is the remainder when 7984811 is divided by 11?
10
Calculate the remainder when 63029 is divided by 12589.
84
Calculate the remainder when 408187 is divided by 737.
626
What is the remainder when 267384 is divided by 26724?
144
What is the remainder when 2595994 is divided by 36?
34
What is the remainder when 110672 is divided by 13390?
3552
What is the remainder when 6637918 is divided by 480?
478
Calculate the remainder when 264582 is divided by 66140.
22
What is the remainder when 637658998 is divided by 6600?
6598
Calculate the remainde